t, 0 = -5*x - 3*t + 2*t - 700. Let n = -53 - x. Calculate the greatest common factor of 11 and n.
11
Let d(z) = -z**2 - 7*z + 2. Let a be d(-7). Suppose -3*j + 90 = a*l - 4*l, -2*l = 4*j - 106. Calculate the highest common divisor of j and 252.
28
Let q(y) = -y + 5. Let i be q(-4). Let a(v) = v**2 + 8*v - 62. Let o be a(5). Calculate the greatest common divisor of o and i.
3
Let y(d) = d + 3. Let p be y(0). Let h be -27*p/(9/(-4)). Suppose 5*a + v - 22 = 0, -a - 2*a + 5*v = -2. Calculate the greatest common factor of a and h.
4
Let c = 162 + -122. Let s(i) = 3*i**2 - 3. Let v be s(3). Let r = c - v. Calculate the greatest common divisor of r and 128.
16
Let y = -589 + 1057. What is the highest common divisor of 36 and y?
36
Suppose a + 1 - 10 = b, -3 = -a - 2*b. Suppose 0 = 2*r + 96 - 110. What is the greatest common factor of r and a?
7
Let s(c) = 2*c**2 - 2*c - 2*c + 8*c - c - 8. Let k = 7 - 12. Let x be s(k). Calculate the greatest common factor of x and 18.
9
Let d = 89 + -47. Suppose s - 2*l - 23 = -3, -3*s = l - 39. What is the highest common factor of s and d?
14
Let p be 194/8 + 23/(-92). What is the highest common factor of p and 12?
12
Let b(j) = 161*j. Let y(z) = -32*z. Let r(i) = 6*b(i) + 33*y(i). Let s be r(2). Let p be s/(-12) + -1*1. Calculate the highest common factor of p and 112.
14
Suppose -6*o + 8*o = 6. Suppose o*r = 3*v + 24, -15 - 2 = -v - 4*r. Let q(x) = -34*x + 3. Let i be q(v). What is the greatest common divisor of 21 and i?
21
Let p be (3/5)/((-34)/(-510)). Suppose 0 = p*h - 5*h - 80. What is the highest common factor of 30 and h?
10
Suppose -70 = -2*t - y, 33 + 47 = 2*t - 4*y. Let m be 2/2*(-4 - -88). Calculate the highest common divisor of t and m.
12
Let s be -13 - 5*(-828)/30. Let j be -3 + 54 + -1*1. Calculate the highest common divisor of s and j.
25
Let p be -4*2*5/(-10). Suppose 0 = p*m + 7*r - 4*r - 59, -4*m - 2*r + 58 = 0. What is the highest common factor of m and 21?
7
Let t be 10/2*-70*(-16)/50. Calculate the highest common factor of t and 14.
14
Suppose -p = -11 - 29. Let o = -3 + p. Suppose 2*u - o = 23. What is the highest common factor of 45 and u?
15
Let y be 5/((-140)/8) - (-19832)/28. What is the greatest common factor of y and 12?
12
Let q(b) = 25*b - 784. Let j be q(33). Calculate the greatest common factor of 205 and j.
41
Let y(o) = 2*o**3 + 4*o**2 + o. Let l be y(-4). Let m be (3/2)/((-2)/l). Let k(b) = -6*b - 2. Let u be k(-6). What is the highest common factor of u and m?
17
Let w = -57 + 71. Let z = 62 - w. Calculate the highest common divisor of z and 96.
48
Let a = -35 + 37. Suppose -f + 5*f + a*t = 174, 0 = -5*t + 15. Calculate the highest common divisor of 42 and f.
42
Let j(r) = r**2 + r + 55. Let g be j(0). Calculate the greatest common factor of g and 11.
11
Let v(a) = 2*a**2 + 11*a - 21. Suppose -3*p + 2*j = -6, p + 2 = 5*j - 3*j. Let k be v(p). Suppose -6 = -2*w + 4. What is the greatest common factor of k and w?
5
Let f = 59 - 24. Let y be 130/f - 4/(-14). Let v be 18/y*(9 + 5). What is the greatest common factor of v and 9?
9
Suppose 62*c - 64*c + 447 = 3*z, 4*z - 595 = -3*c. Calculate the greatest common divisor of z and 1.
1
Let u(m) be the second derivative of 13*m**3/6 - 3*m**2/2 + 15*m. Let x be u(3). Calculate the highest common factor of x and 24.
12
Let p(j) = -j**3 + 12*j**2 - 10*j + 14. Suppose 2*s = -2*k + 16, -3*k - s + 21 = 3*s. Let q be p(k). What is the highest common divisor of q and 275?
25
Suppose -o + w + 50 = 0, -3*w + 50 = o + 2*w. Calculate the greatest common factor of 650 and o.
50
Suppose -2 = -2*x + 6. Let t(j) = 3*j**2 - 9*j - 4. Let s be t(x). Let o = 117 - 61. Calculate the greatest common factor of o and s.
8
Suppose 2*z - 4*h - 8 = 0, -5*z + 3*h = -8 - 5. Suppose -59 = -z*a + 197. Let d = 478 - 462. What is the highest common divisor of a and d?
16
Suppose -3*f - 32 + 284 = 0. Suppose -11*x + 7*x = -48. Suppose -9*t - f = -x*t. What is the greatest common factor of t and 7?
7
Let i = -87 + 156. Calculate the greatest common factor of 115 and i.
23
Let q be (3 - 7)/((-11)/418). What is the greatest common divisor of q and 38?
38
Let c be -2*10/4 + 16. What is the greatest common factor of c and 1?
1
Let s(h) = 19*h + 760. Let z be s(-37). Let i = 233 + -157. Calculate the greatest common divisor of i and z.
19
Let f = -212 + -278. Let o be 16/(-72) - f/18. Let t = o - 9. What is the greatest common factor of t and 9?
9
Let g(y) = 4*y**2 + 4*y + 3. Let n be g(-5). Let q = -272 + n. Let l = -93 - q. What is the greatest common factor of 16 and l?
16
Suppose 84 = 3*h + 3*h. Let g = -2 + 9. What is the highest common factor of g and h?
7
Suppose 129 = 3*r - 84. Let w = 141 - r. Suppose 0 = 3*k - d - 35, -2*d = 2*k - 0*d - 10. Calculate the greatest common factor of k and w.
10
Let m(z) = -z + 14. Let k be m(2). Calculate the greatest common factor of k and 42.
6
Let g(i) = 41*i + 6. Let j be g(2). Let y = j + -74. Calculate the highest common divisor of y and 70.
14
Suppose 0*o = -5*o - 5*p + 1705, -4*p + 1707 = 5*o. Let q be o/15 + 12/90. Let g = 65 + q. Calculate the highest common divisor of 8 and g.
8
Let f be 0/8 - (1 + -221). Suppose 0 = -11*p - 0*p + 220. What is the highest common divisor of f and p?
20
Let t(h) = -2*h**2 - h + 4. Let g be t(2). Let i be 48/(-8)*g/4. What is the highest common factor of 99 and i?
9
Let i(j) = j**3 + 13*j**2 + 3*j - 3. Let k be i(-5). Let h = -1233 - -1259. What is the greatest common divisor of k and h?
26
Suppose 4*s - 432 = -4*y, -9*y - 4*s = -6*y - 327. What is the highest common factor of y and 2205?
105
Let q(m) = -m**3 - 6*m**2 + 3. Let u be q(-6). Suppose 0 = -u*a + 42 + 24. Calculate the highest common factor of a and 11.
11
Let y(c) = 141*c**2 - 3*c - 2. Let h be y(-1). Let p = 202 - h. Calculate the greatest common divisor of p and 4.
4
Suppose 0 = -2*x + 3*w + 692, -32*w = -3*x - 29*w + 1032. Calculate the highest common divisor of 272 and x.
68
Let x(c) = 18*c + 12. Let r be x(0). Suppose 4*i - 61 = 35. Calculate the greatest common divisor of r and i.
12
Suppose -55*t + 45 = -52*t. Let o(m) = -104*m + 1. Suppose 5*q = -15, 6*x + 18 = 3*x - 5*q. Let z be o(x). What is the greatest common factor of t and z?
15
Let k(b) = -11*b + 143. Let z be k(12). Calculate the greatest common divisor of 528 and z.
11
Suppose 2*y = 10, 0*b - 237 = 4*b + 3*y. Let o = -38 - b. Suppose 0 = -4*r + o + 7. Calculate the highest common divisor of 88 and r.
8
Let j be 0 + 145 - (11 - 10). Let o be (-195)/6*j/(-20). What is the highest common factor of 26 and o?
26
Suppose 5*s - 2*s - 18 = 0. Let g = s + -7. Let r be 1 + 2 + (1 - g). What is the greatest common factor of 5 and r?
5
Let x(k) = -2*k**3 - 12*k**2 - 17*k + 11. Let w be x(-9). Calculate the greatest common divisor of 26 and w.
26
Suppose -123 - 25 = -5*u - z, -2*z = 2*u - 56. What is the greatest common divisor of 18 and u?
6
Let i be (24/(-30))/((-8)/1240). Let b = -37 - -68. Calculate the greatest common divisor of i and b.
31
Let v = 72 - 389. Let f = v - -541. What is the highest common factor of f and 28?
28
Let q(y) = -2*y - 8 + 2*y**2 + 14*y - 6*y. Let a be q(-6). What is the greatest common divisor of a and 14?
14
Let a(d) = -d**2 - 87*d + 668. Let y be a(-94). Let b(m) = -7*m + 2. Let g be b(-4). Calculate the greatest common factor of g and y.
10
Suppose -70*g + 65*g = -15. What is the greatest common factor of 33 and g?
3
Let u = 282 - 138. Calculate the greatest common factor of u and 32.
16
Suppose -383 = -18*r + 481. What is the greatest common divisor of 64 and r?
16
Let x(g) = g**3 - 9*g**2 + 11*g - 19. Let u be x(8). Let p = -12 + 157. Calculate the greatest common factor of p and u.
5
Let p be (-2)/(-5) - 626/(-10). Let q(j) = -j**2 + 7*j - 3. Let r be q(5). What is the highest common divisor of r and p?
7
Let n be (-12)/(-7) - 4/(-14). Suppose 2*b + 16 = -n*b, 27 = 3*y + 3*b. Calculate the highest common factor of 104 and y.
13
Suppose 5*z + p - 1481 = 2*z, 2*p + 1475 = 3*z. Calculate the greatest common factor of 17 and z.
17
Let m be 87 + (4/6 - (-17)/(-3)). Suppose -65 = -q + 58. What is the highest common factor of m and q?
41
Suppose 6*w - 1230 = 330. What is the highest common divisor of 4 and w?
4
Suppose -375 = -5*a - 3*b, a + b =